*r = -2. What is the units digit of o?
5
Suppose -5*n = -3*n. Suppose -17*z + 16*z - 288 = n. What is the units digit of (-4)/(-20) - z/10?
9
Let c = -734 + 786. What is the units digit of c?
2
Let u = -13 + 18. Suppose 19 = 3*v - u*m, 3*v - 2*m - 7 = -3*m. What is the units digit of (-1 - (-6 + v)) + 37?
9
Let r = -13 + 16. Let u = r - 3. Let a(w) = w**3 + w**2 + w + 7. What is the units digit of a(u)?
7
Let g be (-8)/(67/23 - 3). Let w = -50 + g. What is the units digit of w?
2
Let v = 5396 - 3690. What is the thousands digit of v?
1
Suppose 3*g - 5*y = 77, 0 = 3*g + y + 3*y - 95. Suppose 3*s - 86 = m + g, -4*s - 2*m = -150. What is the units digit of s?
8
Suppose -5*k = -x + 5, -3*x + x - 5*k - 5 = 0. Suppose x = l - t, t + 0*t = 0. Suppose l*s + 23 = s. What is the units digit of s?
3
Let d(q) = -82*q + 23. Suppose -y - 5 = r - 2*y, -5*y = 4*r + 2. What is the tens digit of d(r)?
6
Suppose -5*y = -0*j - 2*j - 19, -2*j = 5*y - 31. Let t be 1143/(-270)*-6 - (-2)/(-5). Suppose -y*m + 215 = -3*n, -2*n = m - 5 - t. What is the tens digit of m?
4
Let b = 552 - 278. What is the hundreds digit of b?
2
Suppose -2 = -3*n + 2*i + 1, 5*i = -4*n + 27. Suppose 2*b + z = 593, n*b - 872 = 6*z - 4*z. What is the hundreds digit of b?
2
Let s be (-6)/9*(-687)/2. Let t = -152 + s. What is the units digit of t?
7
Let v(g) = -g**2 + 2. Let c be v(2). Let t(z) = 8*z**2 - 2*z - 5. What is the units digit of t(c)?
1
Suppose 4*v + 2*f = 12, -f + 10 = 4*v + 2*f. Suppose v*n = -2*a + 420, 4*n = -2*a - 2*a + 428. What is the tens digit of n?
0
Suppose -5023*y - 4462 = -5025*y. What is the thousands digit of y?
2
Let q be 9/12 + (-25)/(-4). Suppose -3*v + q*v + 60 = 0. Let l = v + 26. What is the tens digit of l?
1
Suppose 5*y = 2*u + 514, 5*y - u - 511 = 2*u. Suppose -y = 4*n - 6*n. What is the units digit of n?
2
Suppose -22*j = -26*j + 1680. What is the hundreds digit of 1/((4/j)/1)?
1
Suppose -86 = 5*i - 31. Let m be (i/33)/((-2)/(-246)). Let q = 57 + m. What is the units digit of q?
6
Suppose 0 = 2*r - 0*r - 4. Suppose -l = -2, -r*m = 4*l - 1 - 1. What is the units digit of 1 + (0 + m - -6)?
4
What is the hundreds digit of 2*(444/8 - 5)?
1
Let h(z) = -8 - 10*z - 18*z - 3 - 1. What is the units digit of h(-5)?
8
Let j = -4 - -97. What is the units digit of -3 - j/(-33) - 1212/(-11)?
0
Let w(u) = 144*u - 688. What is the units digit of w(15)?
2
Let d(h) = h**3 - 3*h + 3. Let r be d(0). Suppose 0 = f + r*s - 39, 4*f + 39 = -2*s + 215. What is the tens digit of f?
4
Let i = -112 + 115. Let n(m) = -7*m**3 + 5*m**2 + m - 7. Let p(w) = 3*w**3 - 2*w**2 + 3. Let t(q) = 4*n(q) + 9*p(q). What is the units digit of t(i)?
2
Suppose -4*z - 5*j = -5, -3*z - 2*j = -2*z - 2. Suppose -c + 3*q = z, 3*c = 3*q + 2*q + 8. Suppose c*n - 4*n = 24. What is the tens digit of n?
1
Let o be 4*(-3 + 0 - -2). Let k = o + -92. What is the units digit of k/(-10) + (-3)/5?
9
Let k be (-5 - 280/(-24)) + (-2)/(-6). Suppose 0 = k*j - 5*j - 612. What is the units digit of j?
6
Let o be -22 + (-6)/((-12)/(-4)). Let p be 12/o - (-1)/2. Suppose p = -2*x + 8. What is the units digit of x?
4
Suppose w - 1 = 2. Suppose w*r + 104 = 2*b - 0*r, -5*b + 281 = 3*r. What is the units digit of b?
5
Let o = 1735 + -907. Suppose 2*w + 4*a - 443 + 103 = 0, 0 = 5*w - a - o. What is the tens digit of w?
6
Suppose t - 11 = 14. Suppose 2*w = -5*g + 203, 2*g + 2 = w - 86. Suppose -2*m + w = 5*f, 2*f - t - 7 = 2*m. What is the units digit of f?
8
Let h(p) = -2*p + 31. Let l be h(14). What is the units digit of ((-20)/(-3) - -2)*l?
6
Suppose -3*s - 5*z - 130 = -561, -3*s = 4*z - 433. Suppose 5*u + s = 2*x, -x + 0*x + 86 = -5*u. What is the tens digit of x?
6
What is the tens digit of (-71)/6*-3*2?
7
Let b(q) = 56*q**2 - 30. What is the units digit of b(-4)?
6
Let a = 5 + 2. Let t(r) = 3*r**2 - 14*r + 2. Let y be t(a). Suppose 2*m = 5*o - 129, 3*o - 2*m - y = 28. What is the tens digit of o?
2
Let n = -29 - -16. Let h = n - -16. Suppose h*c - 90 = -27. What is the tens digit of c?
2
Let g(d) be the second derivative of 0*d**3 + 3/2*d**2 + 0 + 1/20*d**5 - 1/4*d**4 + d. What is the units digit of g(3)?
3
Let p = 3861 + -1909. What is the hundreds digit of p?
9
Let o = 75 + -53. Let z = 5 - 4. Let y = o - z. What is the tens digit of y?
2
Suppose -55 - 75 = -5*z. What is the units digit of 0 - (z/8)/((-5)/320)?
8
Suppose 10 = -2*w + 182. Let d be 12*(-2)/(-14) - 290/(-1015). Suppose 2*v - w = -0*v + d*i, -v = -5*i - 39. What is the tens digit of v?
4
Suppose -i = -3 - 8. Let g(o) = -o**2 + 10*o + 9. Let r be g(i). What is the units digit of 50/20 + r/(-4)?
3
Let x be -48 - (6 - 2 - 4). What is the tens digit of (-1 + 63)*x/(-32)?
9
Let r be (-453)/(-12) - 3/(-12). Let l = 54 - r. Suppose 0 = -h + l + 4. What is the tens digit of h?
2
Let f(s) = -20*s**2 + s + 5. Let g(a) = -a**2. Let r(y) = -f(y) + 3*g(y). Let d(v) = -16*v**2 + 4. Let o(n) = -3*d(n) - 2*r(n). What is the units digit of o(1)?
4
Suppose 0 = 10*f - 5808 - 972. What is the units digit of f?
8
Let m(k) = -k**3 - 15*k**2 + 15*k - 16. Let r be m(-16). Suppose r = 2*o - d - 2*d - 305, -d = -3*o + 447. What is the hundreds digit of o?
1
Suppose v + 5 = -5*n + 30, -2*v + 5*n - 10 = 0. Let x(u) = 6*u - 18. What is the tens digit of x(v)?
1
Suppose -2*h = -183 - 531. What is the units digit of h?
7
Let c(o) = -7*o - 1. Let z be c(-11). Suppose -5*g + 144 = -z. Suppose 0*i - 2*i + g = 0. What is the tens digit of i?
2
Let v = 33 + 75. What is the tens digit of (v/10)/(6/30)?
5
Let a = 340 + -681. Let m = -200 - a. What is the hundreds digit of m?
1
Let b(x) = x**3 + 8*x**2 - 13*x + 16. Let o be b(-7). Let h be (-7)/(-2)*4/2. Suppose r - h*r = -o. What is the tens digit of r?
2
Let i(x) = 109*x**2 - 9*x + 21. What is the tens digit of i(2)?
3
Let y(c) = -8*c + 12. Let g be y(-5). Suppose -2*n + 3*n = g. What is the units digit of n?
2
Let a(h) = -2*h**3 + 8*h**2 + 6*h. Let k(j) = -4*j**3 + 15*j**2 + 13*j - 1. Let g(w) = 7*a(w) - 3*k(w). What is the units digit of g(5)?
3
Suppose -5*g + 1299 = f, 22*f = 18*f + 4*g + 5148. What is the units digit of f?
9
Let f be 3*(4 - (-28)/(-4))/(-1). Suppose 0 = 15*q - f*q - 1008. What is the units digit of q?
8
What is the units digit of (-2 - 15/(-6))*156?
8
Suppose 0 = -5*m + 10. Suppose m*o = 3*o. Suppose 7 = g - o*g. What is the units digit of g?
7
Suppose -889 = -5*d - 349. Let z be 614/12 - 4/24. Suppose -3*b + z + d = 0. What is the units digit of b?
3
Suppose -27 = -3*d + 3*y, -d - 24 = -3*d + 5*y. Suppose -9*w = -d*w. Suppose w*j = -4*j + 96. What is the tens digit of j?
2
What is the units digit of ((-62)/(-31))/((-4)/(-230))?
5
Suppose 5*d - 3*k + 245 = 0, -2*d = -3*d + k - 49. Let t = 85 + d. Let x = t - 0. What is the tens digit of x?
3
Let o(a) = -10*a + 12. Suppose 3*w + 4*t = -18, 0*t = -w - t - 6. What is the tens digit of o(w)?
7
Suppose -3*p = 2*t - 1021, 4*t + 345 = p + 28. Let k = -178 + p. What is the hundreds digit of k?
1
Suppose 0 = 2*j - 0*j - 4. What is the tens digit of (4 - j)/((-1)/(-22))?
4
Let g(x) = -9*x - 36. Let f be -16 - (-3 + -2)/5. What is the tens digit of g(f)?
9
Suppose m - 4 = 0, v + 3*v = m + 16. Suppose -z + 1 + 0 = -v*h, -2*z = -h - 29. Suppose -2*b - 57 = -f, 2*b = -f + 61 - z. What is the tens digit of f?
5
Suppose -13564 = -63*t + 14345. What is the tens digit of t?
4
Let t(r) = -r - 3. Suppose -4 = -a + 5*g - 0*g, -2*a - 2 = -5*g. Let s be t(a). Suppose -s*q - 34 = -5*b, b + 0*b = -q + 10. What is the units digit of b?
8
Let m be ((-16)/3 - -2)*24/10. Let d = 19 + m. What is the tens digit of d?
1
Let d(o) = -o**2 + 12*o + 4. Let s be d(12). Suppose -s*x = -0 - 48. What is the tens digit of x/42 + 332/14?
2
What is the thousands digit of (-6)/4*(-9844)/6?
2
Let p(d) = 345*d - 92. What is the hundreds digit of p(4)?
2
Suppose 357 = 5*w - 5*h + 127, -12 = 4*h. Suppose 253 = 3*o + w. What is the tens digit of o?
7
Suppose -5*g - 4*f + 0*f + 7999 = 0, -3*f = -3*g + 4794. What is the tens digit of g?
9
Suppose 4*m + v + 3*v - 28 = 0, -63 = -4*m + 3*v. Suppose m = 5*r - 3. Suppose -2*g - 5*a = r*g - 180, 2*a + 27 = g. What is the units digit of g?
3
Let a = 101 - 60. Suppose -5*d + 4*u = -388, -5*u + a = -d + 127. What is the tens digit of d?
7
Suppose -10*y - 3*y + 1508 = 0. What is the un